857
What are the prime factors of 45077702?
2, 22538851
List the prime factors of 1399875813.
3, 7, 73, 79, 3853
List the prime factors of 32407447.
32407447
List the prime factors of 4470474053.
4470474053
List the prime factors of 175874867.
7, 3589283
List the prime factors of 305793390.
2, 3, 5, 7, 1456159
What are the prime factors of 6084789221?
7, 73, 11907611
List the prime factors of 393870220.
2, 5, 67, 401, 733
What are the prime factors of 20493400?
2, 5, 19, 5393
What are the prime factors of 6938153273?
211, 32882243
List the prime factors of 200834713.
47, 4273079
What are the prime factors of 1795392243?
3, 59, 1127051
List the prime factors of 67620628.
2, 17, 131, 7591
What are the prime factors of 1227630?
2, 3, 5, 151, 271
What are the prime factors of 112683992?
2, 23, 757, 809
What are the prime factors of 18788875?
5, 7, 109, 197
What are the prime factors of 120481094?
2, 60240547
List the prime factors of 326738416.
2, 37, 547, 1009
What are the prime factors of 39720756?
2, 3, 3310063
List the prime factors of 436841445.
3, 5, 19, 179, 8563
List the prime factors of 303877554.
2, 3, 607, 83437
What are the prime factors of 37260414?
2, 3, 23, 90001
What are the prime factors of 1919063702?
2, 3907, 245593
List the prime factors of 90630226.
2, 45315113
List the prime factors of 285581958.
2, 3, 1153, 41281
List the prime factors of 62454913.
23, 277, 9803
What are the prime factors of 852020410?
2, 5, 85202041
What are the prime factors of 804933435?
3, 5, 151, 355379
What are the prime factors of 642030160?
2, 5, 17, 457, 1033
List the prime factors of 2786323707.
3, 23, 67, 200903
List the prime factors of 5582746.
2, 13, 83, 199
What are the prime factors of 302097249?
3, 23, 103, 4723
What are the prime factors of 18145475?
5, 19, 38201
List the prime factors of 206784304.
2, 509, 25391
What are the prime factors of 38416623?
3, 7, 983, 1861
What are the prime factors of 396607574?
2, 11, 701, 25717
What are the prime factors of 1673303201?
12323, 135787
What are the prime factors of 1232882849?
11, 19, 157, 37573
What are the prime factors of 1261587311?
1261587311
What are the prime factors of 5431526177?
7, 11, 10077043
What are the prime factors of 5733213?
3, 29, 65899
What are the prime factors of 510281689?
19, 37, 725863
List the prime factors of 154997276.
2, 7, 23, 229, 1051
List the prime factors of 49193850.
2, 3, 5, 19, 41, 421
List the prime factors of 6038289760.
2, 5, 41, 277, 3323
List the prime factors of 1319252836.
2, 11, 17, 223, 719
List the prime factors of 319816271.
37, 349, 24767
List the prime factors of 13145384.
2, 7, 191, 1229
List the prime factors of 4721029.
2143, 2203
What are the prime factors of 79127790?
2, 3, 5, 7, 47, 8017
List the prime factors of 31723220.
2, 5, 1586161
What are the prime factors of 2253011847?
3, 22283, 33703
List the prime factors of 104394522.
2, 3, 2389, 7283
List the prime factors of 216202100.
2, 5, 37, 71, 823
List the prime factors of 115899407.
13, 8915339
List the prime factors of 2687109394.
2, 1343554697
What are the prime factors of 3022701?
3, 11, 757
List the prime factors of 544870475.
5, 53, 191, 2153
What are the prime factors of 3404213698?
2, 19, 229, 391199
List the prime factors of 437464107.
3, 73, 311, 2141
List the prime factors of 4745561835.
3, 5, 7, 643, 70289
What are the prime factors of 10278233?
7, 1187, 1237
List the prime factors of 3315518251.
2393, 1385507
What are the prime factors of 431701454?
2, 331, 652117
What are the prime factors of 276035829?
3, 3851, 23893
List the prime factors of 79000711.
79, 293, 3413
List the prime factors of 1331035759.
1331035759
What are the prime factors of 3338743?
809, 4127
What are the prime factors of 218059168?
2, 409, 16661
What are the prime factors of 201766729?
201766729
What are the prime factors of 152134770?
2, 3, 5, 47, 107897
List the prime factors of 175244829.
3, 31, 1884353
List the prime factors of 1322770554.
2, 3, 7, 523, 6691
What are the prime factors of 1918077026?
2, 959038513
List the prime factors of 2280306904.
2, 1103, 258421
List the prime factors of 308864858.
2, 173, 179, 4987
What are the prime factors of 83171627?
7, 11, 197, 5483
List the prime factors of 25187350.
2, 5, 19, 26513
What are the prime factors of 1153292141?
1153292141
What are the prime factors of 342033628?
2, 433, 197479
What are the prime factors of 418708758?
2, 3, 13, 61, 88001
What are the prime factors of 140303170?
2, 5, 7, 286333
What are the prime factors of 2330837631?
3, 2371, 109229
List the prime factors of 85939339.
23, 593, 6301
What are the prime factors of 138417573?
3, 7, 31, 149, 1427
What are the prime factors of 109457204?
2, 433, 63197
List the prime factors of 1434886093.
101, 1151, 12343
What are the prime factors of 395532355?
5, 79106471
List the prime factors of 164014487.
7, 13, 17, 97, 1093
What are the prime factors of 70305974?
2, 2161, 16267
What are the prime factors of 2941646613?
3, 283, 1237, 2801
What are the prime factors of 537260629?
53, 10136993
List the prime factors of 41796628.
2, 101, 103457
List the prime factors of 82765847.
157, 317, 1663
What are the prime factors of 25329412?
2, 29, 218357
What are the prime factors of 6053744?
2, 71, 73
What are the prime factors of 57465840?
2, 3, 5, 239441
List the prime factors of 419765644.
2, 61, 733, 2347
What are the prime factors of 13378250?
2, 5, 59, 907
List the prime factors of 39764219.
11, 41, 88169
List the prime factors of 229732995.
3, 5, 15315533
List the prime factors of 4077816701.
7, 29, 929, 3089
List the prime factors of 62018574.
2, 3, 449, 23021
List the prime factors of 796983629.
13, 43, 271, 5261
List the prime factors of 2042061037.
463, 4410499
List the prime factors of 6029072126.
2, 7, 11, 457, 85667
What are the prime factors of 20833440?
2, 3, 5, 43403
List the prime factors of 3848616830.
2, 5, 31, 12414893
What are the prime factors of 13197584?
2, 23, 35863
What are the prime factors of 60391360?
2, 5, 41, 4603
List the prime factors of 1144612451.
1144612451
What are the prime factors of 15746844?
2, 3, 1312237
What are the prime factors of 190000479?
3, 149, 425057
What are the prime factors of 87453946?
2, 83, 526831
What are the prime factors of 4926994443?
3, 7, 19, 47, 12511
List the prime factors of 210992909.
59, 3576151
What are the prime factors of 2284073487?
3, 7823, 32441
List the prime factors of 43474966.
2, 21737483
What are the prime factors of 49456188?
2, 3, 269, 5107
What are the prime factors of 493216307?
19, 229, 113357
List the prime factors of 258774149.
258774149
What are the prime factors of 1424736475?
5, 89, 599, 1069
What are the prime factors of 21712398?
2, 3, 181, 19993
List the prime factors of 27687305.
5, 17, 283, 1151
List the prime factors of 2857955678.
2, 20129, 70991
List the prime factors of 1675931933.
13, 83, 163, 733
What are the prime factors of 57759675?
3, 5, 770129
List the prime factors of 19408189.
1021, 19009
What are the prime factors of 316479038?
2, 17, 269, 34603
What are the prime factors of 62049317?
11, 113, 49919
What are the prime factors of 405535219?
5011, 80929
List the prime factors of 1883810355.
3, 5, 7, 17941051
What are the prime factors of 2186993866?
2, 17, 64323349
List the prime factors of 5289845918.
2, 7, 97, 137, 28433
What are the prime factors of 2892348709?
5737, 504157
List the prime factors of 178801150.
2, 5, 11, 325093
List the prime factors of 79926459.
3, 73, 364961
List the prime factors of 4324502355.
3, 5, 101, 859, 3323
What are the prime factors of 132711348?
2, 3, 7, 11, 1187
List the prime factors of 289473670.
2, 5, 61, 474547
List the prime factors of 89465380.
2, 5, 31, 144299
List the prime factors of 1780929087.
3, 7, 863, 98269
List the prime factors of 90687565.
5, 18137513
List the prime factors of 3482712968.
2, 7, 7717, 8059
What are the prime factors of 121844552?
2, 37, 411637
List the prime factors of 235300987.
235300987
List the prime factors of 2936655224.
2, 139, 967, 2731
What are the prime factors of 744065850?
2, 3, 5, 11, 450949
List the prime factors of 724002161.
23627, 30643
What are the prime factors of 12731573?
12731573
What are the prime factors